nits digit of 152330?
0
What is the hundreds digit of 7282792?
7
What is the hundred thousands digit of 418728?
4
What is the hundreds digit of 148790?
7
What is the hundreds digit of 253170?
1
What is the hundred thousands digit of 24736081?
7
What is the hundred thousands digit of 179566?
1
What is the ten thousands digit of 253405?
5
What is the millions digit of 3398032?
3
What is the tens digit of 3416419?
1
What is the ten thousands digit of 27266866?
6
What is the hundreds digit of 7251312?
3
What is the hundreds digit of 16362192?
1
What is the hundred thousands digit of 3258938?
2
What is the ten thousands digit of 7458763?
5
What is the hundreds digit of 18349728?
7
What is the hundred thousands digit of 960411?
9
What is the millions digit of 13007487?
3
What is the millions digit of 6234556?
6
What is the hundreds digit of 152517?
5
What is the hundred thousands digit of 361404?
3
What is the hundreds digit of 428420?
4
What is the millions digit of 1428888?
1
What is the hundred thousands digit of 1247687?
2
What is the hundred thousands digit of 2932532?
9
What is the ten thousands digit of 783787?
8
What is the units digit of 4631312?
2
What is the tens digit of 8259333?
3
What is the millions digit of 1109261?
1
What is the ten thousands digit of 286554?
8
What is the hundred thousands digit of 180390?
1
What is the units digit of 1735223?
3
What is the tens digit of 207433?
3
What is the thousands digit of 349869?
9
What is the thousands digit of 1409910?
9
What is the tens digit of 2209361?
6
What is the thousands digit of 1731185?
1
What is the ten thousands digit of 563565?
6
What is the units digit of 1661769?
9
What is the millions digit of 24694646?
4
What is the hundred thousands digit of 3843242?
8
What is the thousands digit of 616776?
6
What is the thousands digit of 1517987?
7
What is the hundred thousands digit of 305753?
3
What is the units digit of 833637?
7
What is the ten thousands digit of 25046784?
4
What is the ten thousands digit of 3596103?
9
What is the millions digit of 6064435?
6
What is the hundred thousands digit of 511310?
5
What is the hundreds digit of 2758926?
9
What is the tens digit of 275516?
1
What is the hundreds digit of 341891?
8
What is the thousands digit of 624360?
4
What is the units digit of 8238234?
4
What is the hundreds digit of 124528?
5
What is the hundreds digit of 130611?
6
What is the tens digit of 1279183?
8
What is the millions digit of 14351562?
4
What is the millions digit of 4234775?
4
What is the hundreds digit of 5965991?
9
What is the thousands digit of 2255471?
5
What is the hundreds digit of 438932?
9
What is the hundreds digit of 193887?
8
What is the tens digit of 21191?
9
What is the units digit of 5743988?
8
What is the hundreds digit of 9906862?
8
What is the ten thousands digit of 222148?
2
What is the hundreds digit of 1520938?
9
What is the thousands digit of 51093?
1
What is the ten thousands digit of 17323060?
2
What is the hundred thousands digit of 1634893?
6
What is the thousands digit of 70623?
0
What is the tens digit of 4467589?
8
What is the units digit of 50638?
8
What is the tens digit of 823959?
5
What is the ten thousands digit of 1047630?
4
What is the units digit of 19911689?
9
What is the millions digit of 2759923?
2
What is the thousands digit of 227384?
7
What is the thousands digit of 987636?
7
What is the units digit of 25521964?
4
What is the units digit of 9587287?
7
What is the tens digit of 4360687?
8
What is the hundreds digit of 47361?
3
What is the tens digit of 7869581?
8
What is the hundreds digit of 98608?
6
What is the ten thousands digit of 16140161?
4
What is the ten thousands digit of 1098377?
9
What is the thousands digit of 13051977?
1
What is the units digit of 165881?
1
What is the ten thousands digit of 7706363?
0
What is the hundred thousands digit of 1411881?
4
What is the thousands digit of 17095?
7
What is the thousands digit of 128226?
8
What is the hundreds digit of 30879?
8
What is the hundred thousands digit of 10552154?
5
What is the ten thousands digit of 104018?
0
What is the hundreds digit of 245194?
1
What is the hundred thousands digit of 2628792?
6
What is the thousands digit of 458213?
8
What is the hundreds digit of 5492938?
9
What is the tens digit of 27961396?
9
What is the hundreds digit of 592164?
1
What is the ten thousands digit of 191149?
9
What is the ten thousands digit of 252168?
5
What is the millions digit of 26570768?
6
What is the tens digit of 951641?
4
What is the tens digit of 256243?
4
What is the tens digit of 437926?
2
What is the units digit of 14562144?
4
What is the millions digit of 1253332?
1
What is the ten thousands digit of 225696?
2
What is the hundreds digit of 2507995?
9
What is the millions digit of 3035068?
3
What is the millions digit of 17097811?
7
What is the tens digit of 251111?
1
What is the units digit of 723254?
4
What is the hundreds digit of 4336826?
8
What is the units digit of 204929?
9
What is the units digit of 1817598?
8
What is the units digit of 571560?
0
What is the hundred thousands digit of 12936716?
9
What is the tens digit of 2474302?
0
What is the hundred thousands digit of 18299677?
2
What is the tens digit of 3764374?
7
What is the thousands digit of 236453?
6
What is the hundreds digit of 164064?
0
What is the thousands digit of 769097?
9
What is the ten thousands digit of 862016?
6
What is the units digit of 306727?
7
What is the units digit of 16933897?
7
What is the millions digit of 7596093?
7
What is the millions digit of 1975646?
1
What is the hundreds digit of 213762?
7
What is the units digit of 3962989?
9
What is the hundreds digit of 5113935?
9
What is the hundreds digit of 11044630?
6
What is the hundreds digit of 104029?
0
What is the ten millions digit of 23326310?
2
What is the units digit of 9151526?
6
What is the units digit of 258965?
5
What is the tens digit of 1628878?
7
What is the units digit of 10050290?
0
What is the thousands digit of 7306711?
6
What is the thousands digit of 210486?
0
What is the ten thousands digit of 307478?
0
What is the ten thousands digit of 1143155?
4
What is the hundred thousands digit of 5812724?
8
What is the ten millions digit of 30086302?
3
What is the millions digit of 9002256?
9
What is the hundred thousands digit of 2125778?
1
What is the ten millions digit of 22525955?
2
What is the hundreds digit of 474746?
7
What is the hundreds digit of 1990530?
5
What is the tens digit of 479443?
4
What is the millions digit of 7604307?
7
What is the hundred thousands digit of 6492302?
4
What is the hundreds digit of 121792?
7
What is the tens digit of 1039175?
7
What is the millions digit of 25348267?
5
What is the thousands digit of 155633?
5
What is the hundred thousands digit of 6771917?
7
What is the millions digit of 3456855?
3
What is the millions digit of 17086606?
7
What is the units digit of 1967204?
4
What is the units digit of 3415830?
0
What is the units digit of 697717?
7
What is the units digit of 32381?
1
What is the tens digit of 18627815?
1
What is the millions digit of 1855333?
1
What is the hundred thousands digit of 1616366?
6
What is the millions digit of 7469253?
7
What is the units digit of 1000409?
9
What is the units digit of 375563?
3
What is the hundreds digit of 543215?
2
What is the hundreds digit of 419135?
1
What is the ten thousands digit of 84931?
8
What is the tens digit of 252666?
6
What is the thousands digit of 3230653?
0
What is the tens digit of 22196611?
1
What is the thousands digit of 1181049?
1
What is the units digit of 219349?
9
What is the thousands digit of 115638?
5
What is the ten thousands digit of 171002?
7
What is the hundred thousands digit of 322266?
3
What is the ten thousands digit of 3704040?
0
What is the thousands digit of 163606?
3
What is the tens digit of 11823863?
6
What is the ten thousands digit of 376708?
7
What is the thousands digit of 733990?
3
What is the tens digit of 244980?
8
What is the hundred thousands digit of 536609?
5
What is the units digit of 3762875?
5
What is the units digit of 6608606?
6
What is the millions digit of 4748009?
4
What is the millions digit of 1109709?
1
What is the tens digit of 192392?
9
What is the 